239 = 203. Let h = -71 + f. What is the remainder when h is divided by z(0)?
11
Let k(z) = z**3 - 15*z**2 - z + 16. Suppose 77 = 6*x - 13. Let n be k(x). Let c(m) = 126*m**2 - m + 1. What is the remainder when c(n) is divided by 43?
40
Suppose -115*l - 56 = -120*l + 4*r, 5*l - 28 = -3*r. Let v be (-135)/(-4)*(-16)/6. Calculate the remainder when v/(-4) - 1/2 is divided by l.
6
Let g(a) = -25*a - 1973. What is the remainder when g(-87) is divided by 53?
43
Let a = 6248 + -5913. Calculate the remainder when a is divided by 162.
11
Let r be (61/(-2))/(18/36). Let t = r + 69. Suppose 3*q - 83 + 20 = 0. What is the remainder when q is divided by t?
5
Suppose -9*v + 37 = -215. Let p(i) = 2*i - 9. Calculate the remainder when 199 is divided by p(v).
11
Let x(w) = 57*w + 92. Let c be x(5). Suppose 3*t + d = c, 3*t - t = d + 258. What is the remainder when t is divided by 19?
13
Suppose 11*d + 2*a = 15*d - 4, 0 = d + 7*a - 31. Let v(j) = 7*j - 5 + 17*j - 2*j. Calculate the remainder when v(d) is divided by 13.
9
Suppose 4*j - 123 + 43 = 0. Suppose 10*f - 9 = 11. Suppose -2*z + 308 = f*z. Calculate the remainder when z is divided by j.
17
Let o(d) = d**3 + 15*d**2 + 19*d + 46. Let i be o(-13). Let u = i - 114. Let p = -10 + 16. What is the remainder when u is divided by p?
5
Let m = -75 + 78. Suppose m*i - g = 397 + 204, -5*g + 995 = 5*i. Suppose 3*o = -o + i. What is the remainder when o is divided by 27?
23
Suppose -s - 2*s = -63. Let x(v) = 3*v**2 - 4*v + 23. Calculate the remainder when x(4) is divided by 330/s - 6/(-21).
7
Suppose -18*o - 7880 = -19*o. What is the remainder when (o/(-30))/(4/(-6)) is divided by 12?
10
Let n(u) = -39*u**3 + 4*u**2 - 2*u + 5. What is the remainder when n(-2) is divided by 98?
43
Let b = 266 - 264. Suppose b*s = d + 94, -9*s + 4*s - d = -249. Calculate the remainder when 87 is divided by s.
38
Suppose 2312 = 2*x - 4*a, x - 1158 = -14*a + 18*a. Suppose 5*p = d - 220 - 46, 2*p + x = 4*d. Calculate the remainder when d is divided by 73.
72
Suppose 73963 + 34194 = 24*h + 3637. Calculate the remainder when h is divided by 47.
31
Let v = -47 + 49. Let s be 24*(-4)/(-16)*v. Suppose 0 = s*q - 7*q - 795. Calculate the remainder when q is divided by 9.
6
Let l(v) = 5*v**2 - 11*v + 17. Let h(r) = -7*r - 75. Let q be h(-11). What is the remainder when 193 is divided by l(q)?
13
Let q = 1026 - 628. Let s = q - 389. Suppose -48 = -4*f - 0. Calculate the remainder when f is divided by s.
3
Suppose -4*c + 16 = 0, -31*b + 62 = -26*b + 3*c. What is the remainder when 127 is divided by b?
7
Suppose -2757*a + 90 = -2755*a. What is the remainder when 7378 is divided by a?
43
Suppose 11*f - 3776 + 3171 = 0. What is the remainder when 636 is divided by f?
31
Let f = -72 - 73. What is the remainder when 146 is divided by 53*(-6)/(-15) + 29/f?
20
Let i be (4/12)/(8/9336). Suppose -352 = -3*v + i. What is the remainder when v is divided by 50?
47
Suppose -264*i - 628 = -8069 - 7079. Suppose 5 + 7 = f. What is the remainder when i is divided by f?
7
Let f be ((-60)/(-36))/(1/3). Suppose -3*w = -8*w - f*j + 180, j + 112 = 3*w. What is the remainder when 143 is divided by w?
32
Let d = 136 + -127. Calculate the remainder when (-1)/(-3) + 251/d*3 is divided by 34.
16
What is the remainder when 481 is divided by 12/5*17080/366?
33
Calculate the remainder when (((-946)/33)/(-43))/(-1 + (-9907)/(-9906)) is divided by 118.
114
Let c(x) = 7*x**3 + 4*x**2 + 10*x - 30. Suppose 2*r - 205 + 199 = 0. Calculate the remainder when c(r) is divided by 35.
15
Suppose 0 = -78*w + 72*w + 60. Let n(v) = -v**3 + 25*v**2 - 14*v + 25. Calculate the remainder when n(w) is divided by 66.
65
Let w(s) = -8*s + 397. Calculate the remainder when 232 is divided by w(23).
19
Suppose -39023 = -4*i + y, -2*i + 19519 = 21*y - 24*y. Calculate the remainder when i is divided by 41.
38
Suppose -4*a = 2*b - 125 - 15, 4*a + b = 134. What is the remainder when 684 is divided by a?
12
Suppose -71*f + 3671 = 3174. Calculate the remainder when 381 is divided by f.
3
Suppose 0 = -5*r - c + 25, -8*r = -4*r + c - 19. Let k = 3 + r. Suppose 0 = 43*y + 68*y - 8769. What is the remainder when y is divided by k?
7
Suppose 504 = -4*n + 4896. What is the remainder when n is divided by 20?
18
Let b(d) = 41*d**2 - 256*d - 1342. Calculate the remainder when b(-5) is divided by 42.
39
Suppose -4*z + 168 = -2*d, -11*z + 3*d = -571 + 129. Let n = 15 - -9. What is the remainder when z is divided by n?
14
Suppose 313 = 23*h + 37. Suppose i = 2 + h. Suppose -5*s + 2*g = -191, -3*s - 3*g + 108 = -2*g. What is the remainder when s is divided by i?
9
Suppose -4*s = -7*s + 759. Suppose -2*t = 9*t - s. Calculate the remainder when 64 is divided by t.
18
What is the remainder when (-35 + -1)/(20 - (-8099)/(-403)) is divided by 186?
0
Let y = 269 - 181. Calculate the remainder when y is divided by (-2*(-21)/(-6) - -41) + -2 + -1.
26
Suppose 231 = 3*c + 2*i - 5*i, 2*i = 5*c - 400. Suppose c*g = 61*g + 2436. Calculate the remainder when g is divided by 7.
4
Let o be ((-286)/2)/(40/(-35) + 1). Suppose -o + 343 = -7*t. Calculate the remainder when t is divided by (-20)/(-1) - (-2 - -3).
18
Let g(l) = l + 748. Calculate the remainder when g(-48) is divided by 23.
10
Let w(c) = 21*c - 180. Let o(i) = 21*i - 181. Let g(d) = -2*o(d) + 3*w(d). What is the remainder when 55 is divided by g(10)?
23
Suppose -4*s - 14 = 7*r - 42, 3*r - 59 = 5*s. Calculate the remainder when 1115 is divided by r.
3
Calculate the remainder when 3197 is divided by (1 + 0)*-108*((-20)/15)/4.
29
Suppose 62*i + 160*i - 28638 = 0. Calculate the remainder when i is divided by 63.
3
Suppose -5*z = 6 - 26, 278 = x - 4*z. Calculate the remainder when x is divided by 58.
4
Let z(v) = 3*v**3 - 2*v**2 - 11*v - 3. Let i = 310 + -307. Calculate the remainder when 71 is divided by z(i).
17
Let t(y) = y**3 - y**2 - 41*y - 4. Let p be t(7). Suppose -3*h + 155 = -2*c + c, -3*h = -p*c - 147. What is the remainder when h is divided by 18?
17
Suppose 172*o - 213*o + 451 = 0. What is the remainder when 19 is divided by o?
8
Let r = 4428 - 4326. Calculate the remainder when 1629 is divided by r.
99
Suppose 3*t + 686 = h - 991, -4*h = -3*t - 1677. Let q = -399 - t. Calculate the remainder when q is divided by 27.
25
Let w(p) = 2*p**2 + 34*p - 20. Suppose -4*n - 8*r + 3*r - 84 = 0, -n + 5*r = 21. Calculate the remainder when w(n) is divided by 38.
34
Suppose l + 2 = 0, 9*l - 109 = 3*p + 11*l. Suppose 0*r - 5*r + 285 = t, t = 2*r + 285. Calculate the remainder when t is divided by 1 + (1124/28 - (-5)/p).
39
Let c(h) = 488*h - 595. Calculate the remainder when c(8) is divided by 1646.
17
Calculate the remainder when 2 + ((-8)/10 - (8 + 62845/(-25))) is divided by 10.
7
Suppose 11*n - 3*n - 14*n = -162. What is the remainder when 573 is divided by n?
6
Let p = 979 + -840. Suppose -2*j = -5*o - 1667, 0 = 3*j - 142*o + p*o - 2478. Calculate the remainder when j is divided by 103.
100
Let k(y) = 10*y**2 + 4*y - 4. Let l(c) = 2183*c - 4339. What is the remainder when k(4) is divided by l(2)?
10
Let y(a) = -a**2 - 657*a + 52 + 6 + 332*a + 331*a. What is the remainder when 173 is divided by y(0)?
57
Let k = 1979 - 1526. What is the remainder when k is divided by 91?
89
Let i = 16809 + -16720. Let f(j) = j**2 - 4*j - 2. Let q be f(5). What is the remainder when i is divided by ((-1)/q)/(3/(-207))?
20
Suppose 0 = 2*x - j - 1796, -6*x + 8*x = 4*j + 1808. Calculate the remainder when 1803 is divided by x.
11
Calculate the remainder when 1*(12/39*13 + (1869 - -1)) is divided by 458.
42
Let r = 6338 - 4452. What is the remainder when r is divided by 59?
57
Let v(l) = 74*l + 558. Calculate the remainder when 70 is divided by v(-7).
30
Suppose -5*h - 524 + 1289 = 0. Calculate the remainder when 171 is divided by h.
18
Let k(b) = -b**2 - 77*b - 376. Suppose -4*a - 12*a + 1584 = 0. What is the remainder when a is divided by k(-6)?
49
Let y = 18193 + -17243. Calculate the remainder when y is divided by 940.
10
Let w(n) = n + 6. Let h(l) = 2*l + 12. Let o(y) = -6*h(y) + 13*w(y). Let i(b) = 7*b - 13. What is the remainder when i(8) is divided by o(10)?
11
Let f(k) = k**2 - 8*k + 56. Let z be f(-11). Let w = z - 249. Let l(i) = i**3 - i**2 + 5*i - 6. What is the remainder when l(4) is 